 = -33 - w. Is h composite?
False
Let b(v) = -v**3 - 2*v**2 - 8*v + 16. Let f = 13 + -17. Let l be 1/(f/56*2). Is b(l) prime?
True
Suppose 47844 = 3*i - 20*f + 17*f, -5*f + 79750 = 5*i. Is i composite?
True
Let d(f) = f**3 - 19*f**2 + 5*f. Suppose k = 5*k - 4. Let z be (k/3)/((-4)/(-228)). Is d(z) a composite number?
True
Let a(y) = 2*y + 15. Let l be a(-6). Suppose -x - 896 = 5*f - 3459, 0 = l*x - 2*f - 7621. Is x a composite number?
False
Let c(l) = 13*l**2 - 10*l + 8. Let w be c(7). Suppose 0 = 5*n - 600 - w. Let i = 346 - n. Is i a prime number?
False
Let o be ((-10)/(-25))/(4/22700). Suppose o = 4*d + 22. Is d composite?
True
Let p = 30747 - 16834. Is p composite?
False
Let x be (28 + -27)/(2/(-118)). Let j = 146 + x. Is j composite?
True
Let o be 6/14 - (1 + 28/(-49)). Is (-3)/(-12) + (o - (-6513)/12) composite?
True
Suppose 4*w - 7*w + 23889 = 0. Is w a composite number?
False
Let h(w) = w - w**2 - 3*w - 1 - 4*w**3 + 4*w + 3*w**3. Let s be h(1). Is -178*((-1)/(-2))/s composite?
False
Suppose -1446 - 912 = -3*d. Suppose s = 3*a - d, 2*a - 5*s + 524 = 4*a. Is a a composite number?
True
Suppose -7*y + 5*y + 2716 = 2*w, 0 = -2*y + 4*w + 2734. Is y prime?
True
Is 586183/15 + 12/(-720)*-8 composite?
False
Let k be (-1 + 223)*(-20)/(-6). Suppose -16*p + 12*p + k = 0. Is p a prime number?
False
Let j(k) = 11*k**2 - 3*k - 6. Let p(i) = 1. Let y(z) = j(z) + 5*p(z). Is y(4) a prime number?
True
Let b(h) be the second derivative of 7*h**5/20 - h**4/2 + 7*h**3/6 + h**2/2 + 21*h. Is b(3) a prime number?
True
Let r(m) = 2*m**2 - 4. Let k be 6/9 - 13/(-3). Let d be -2*(105/(-6))/k. Is r(d) a composite number?
True
Suppose 0*b = 2*b - 8. Suppose 0 = b*t + l + 317 + 639, -4*t - 956 = 2*l. Let g = t - -358. Is g a composite number?
True
Let p(w) = -62*w - 173. Is p(-39) a prime number?
False
Let o = 18 + -11. Suppose -5*q - 7 = -5*w + 8, -4*q - o = -3*w. Suppose 5*s - 291 = q*s. Is s a prime number?
True
Is (-1)/(((-7)/127442)/((-21)/(-14))) a composite number?
True
Let h be -3*1*4/(-8)*-342. Let v = -104 - h. Is v a prime number?
True
Let j(z) = 1201*z - 26. Let p be j(11). Suppose q = -8*q + p. Is q a prime number?
False
Suppose 2935 = -9*i + 14*i. Is i prime?
True
Suppose -20 = -4*b, -6 = 2*d - 5*b - 83. Is (9 - 3)/3 + d prime?
True
Suppose -8*d + 41045 = -3*d - 4*o, -32836 = -4*d - 2*o. Is d a prime number?
True
Let z be ((-2)/4)/((-3)/6). Suppose c = 2*g - 8, -c + z = 3*g - 1. Suppose 426 + 76 = g*y. Is y a prime number?
True
Suppose 0 = -g + 2 - 3, 358 = 4*v - 2*g. Is v a composite number?
False
Suppose 0 = -40*r + 48*r - 48824. Is r a composite number?
True
Suppose 0 = -5*z - 0*f - 2*f + 13494, 3*z + 2*f - 8094 = 0. Let h = -1433 + z. Is h a prime number?
False
Suppose 0 = -5*l + 2*t + 59389, -3*l + 12066 + 23559 = -4*t. Is l composite?
True
Suppose 2*n = 3*s + 4*n - 6665, 4*s - n - 8872 = 0. Is s prime?
False
Let i be (0 - 1)/(1/(-1)). Suppose 0 = 5*c - 2*w - 17, 3*c - 3*w + i = 13. Is 595/28 - c/12 prime?
False
Let y(m) = -m**3 - 3*m**2 - 3*m - 2. Let o be y(-2). Suppose 7*l + 2*w = 3*l + 60, -l - 3*w + 25 = o. Let v = l + 114. Is v a prime number?
True
Suppose -2*f - 5*f + 70 = 0. Let h = 16 - f. Let w(x) = 41*x + 5. Is w(h) composite?
False
Let a = 3 - 12. Let y(j) = 21*j**2 + 23*j + 5. Let f be y(a). Let m = f + -1052. Is m composite?
True
Let m = -9 + -33. Let l = -29 - m. Is 588/10 - l/(-65) composite?
False
Let i = 20 + 10. Is (-2033)/(-3) + (-20)/i prime?
True
Suppose -10*g + 8*g + 3*i + 567 = 0, -2*g + 4*i + 562 = 0. Is g a prime number?
False
Let c = -2370 - -4888. Is c composite?
True
Suppose -2 = -5*x + 8. Suppose 740 = x*h + 162. Is h prime?
False
Is (10/(-15))/((64/(-51924))/8) a prime number?
True
Let r = -75 + 78. Suppose -141 = -r*o - 3*n, 0 = -4*o + 7*n - 3*n + 156. Is o prime?
True
Suppose -t + 15 = 5*l + 1, -5*t + 2*l = -16. Suppose x - 359 = 3*s, -3*s = t*x + 107 + 257. Let z = 81 - s. Is z a composite number?
True
Let g(b) = 5*b - 2. Let k be g(1). Suppose -k*u = -128 + 17. Is u/(2 + -2 + 1) a composite number?
False
Let o(a) = 3*a - 14. Let n be o(6). Suppose 3616 = n*m - 1396. Is m prime?
False
Is 133/(-19) + 33878*1 a prime number?
True
Suppose 19*j = j + 414972. Is j a composite number?
True
Let s(x) = x**3 - 14*x**2 - 3. Let f(p) = 2*p**3 - 28*p**2 - p - 6. Let m(q) = -2*f(q) + 5*s(q). Is m(16) composite?
False
Let z(x) = x**2 + 5*x - 12. Let d be z(-7). Suppose 4*b - 72 = -2*u + 132, -4*b - 164 = -d*u. Suppose -u = -2*c + 86. Is c composite?
False
Let l = 66 + -63. Suppose l*q - 6*q = -633. Is q composite?
False
Suppose 0*t + 4*y = -3*t + 5789, 3*y = t - 1934. Is t a composite number?
False
Suppose 4*q - 4 = -4*h, -q = 3*h + 2*h - 17. Let f be -2*(3 + h + 62). Let t = f - -265. Is t prime?
True
Suppose -47*a - 42*a = -30001633. Is a composite?
False
Is 9 + 9430/2 + (-5)/(-1) composite?
False
Is 15/(90/(-24)) + 15497 a prime number?
True
Let h(x) = x**3 - 6*x**2 + 7*x - 5. Let m be h(5). Suppose -m*v - 13556 = 10*r - 14*r, -2*r + 3*v + 6778 = 0. Is r a prime number?
True
Let g be (-737)/(-11)*(-2 + 1). Let h = g + 293. Is h composite?
True
Let y = -31 + 8. Is y*((-1)/(-1) + -6) composite?
True
Suppose -u + 3883 = -48. Suppose 4*w - u - 1281 = 0. Is w composite?
False
Let i = -974 - -3793. Let v = i - 1416. Is v prime?
False
Let b be (46/10 - 21/35) + 1. Suppose -b*n + 2876 = -1214. Is n a prime number?
False
Is ((-48631)/44)/(1/(-20)) prime?
False
Let b(i) = i**3 - 7*i**2 - 8*i + 3. Let j be b(8). Suppose j*q = 7*q - 1588. Is q prime?
True
Let r = 1218 + -277. Is r composite?
False
Is (-6)/(-14) - (-689886)/63 prime?
False
Suppose -4*b + b + 2*t - 2 = 0, 4*b = 2*t. Suppose b*c = -4*g, -2*g + 4*g - 2*c = 12. Suppose z + 3*z + j - 235 = 0, j = -g*z + 117. Is z composite?
False
Let s = 15225 - 8758. Is s a composite number?
True
Let w be (30/20)/((-6)/(-20)). Suppose 20 = -5*h - w, q + 2*h = 4. Is q a composite number?
True
Is (-6 + -136)*-1*(-10)/(-4) a prime number?
False
Let m(r) = -1599*r - 350. Is m(-9) prime?
False
Let a be 1722/12*-2*7. Let r = a - -9062. Is r a composite number?
True
Let o(s) = 13*s**2 + 11*s + 49. Let p(h) = -3*h**2 - 3*h - 12. Let i(l) = -2*o(l) - 9*p(l). Is i(-9) a composite number?
True
Let i = -26 + 30. Suppose 5*p + g - 5*g = 13, 27 = 3*p + i*g. Suppose 3*h - 2*h - 1035 = -4*d, -p*h = 4*d - 1031. Is d a prime number?
False
Let p(u) = 3*u**2 + 3*u - 17. Let a be -11 - -4 - -4 - -15. Is p(a) a prime number?
False
Let x be (22 - -1) + (-4)/(16/12). Is 5/x + 4443/4 composite?
True
Suppose -12 = 3*p - 18. Suppose -2*s - 322 = -2*t, t + 6*s = p*s + 141. Is t composite?
False
Let x = -22 + 7. Let v be (-28)/(-6) + 10/x. Suppose 2*d - 6*d + 804 = 4*u, -2*d - v*u + 402 = 0. Is d composite?
True
Let w(h) = h**3 - 9*h**2 + 7*h + 6. Let c be w(8). Let g(d) = -27*d**3 - 3. Is g(c) prime?
False
Let r(n) = -1026*n - 15. Is r(-1) a composite number?
True
Is 2 + -6 - (-905 + -6) a prime number?
True
Suppose -3287 = -f + s + 3*s, s = f - 3290. Is f composite?
True
Suppose 9 = 3*a - 3*f, -5*f - 1 - 4 = 0. Suppose -2645 + 635 = -a*y. Suppose x - y = -5*v, -5*x - 35 = -v + 166. Is v a composite number?
True
Let h(m) = -270*m + 31. Is h(-5) a prime number?
True
Suppose 0 = -k - 2*p - 15, 5*k + 14 + 13 = 2*p. Is (-4)/(-14) + 7 + (-4240)/k a composite number?
False
Let v = -2 + 3. Let r be (342/(-21))/(v/(-7)). Let x = 269 - r. Is x a prime number?
False
Suppose 0 = -5*z + 2*y + 126259, 103*z - 5*y - 75744 = 100*z. Is z a composite number?
False
Let y(h) = 188*h. Let u be y(1). Let z = u + -103. Is z composite?
True
Let c = -2 + 7. Suppose 0 = c*v + 3*d + 6, -d + 1 + 14 = -4*v. Is ((-94)/v)/(2/3) a prime number?
True
Let m be 40/15*54/4. Suppose 2*u + a = 12 + 1, m = 4*u + 4*a. Suppose u*j - 385 = -j. Is j composite?
True
Is (9 + -8)/(-2*(-3)/67818) a composite number?
True
Suppose 7*o + 9305 - 590 = 0. Let z = 1690 - o. Is z composite?
True
Let f(p) = -10*p**3 - 3*p**2 + p + 17. Let t(b) = -21*b**3 - 6*b**2 + 2*b + 35. Let u(i) = -9*f(i) + 4*t(i). Is u(6) composite?
True
Let s(g) = -1804*g + 367. Is s(-9) a composite number?
False
Suppose -19821 = -q + 5*u, u - 19845 = 3*q - 4*q. Is q prime?
True
Is 125466/27 + 17/153 a composite number?
True
Suppose -13*g + 34 + 5 = 0. Is g composite?
False
Let o(i) = -5*i - 8